{"id":35,"date":"2017-07-16T15:24:26","date_gmt":"2017-07-16T13:24:26","guid":{"rendered":"http:\/\/lethor.lu\/?page_id=35"},"modified":"2017-07-16T16:28:39","modified_gmt":"2017-07-16T14:28:39","slug":"medicaments-et-grossesse","status":"publish","type":"page","link":"https:\/\/lethor.lu\/index.php\/une-section-de-page-daccueil\/medicaments-et-grossesse\/","title":{"rendered":"M\u00e9dicaments et grossesse"},"content":{"rendered":"<p>Les\u00a0recommandations portent sur les m\u00e9dicaments utilisables chez la femme enceinte ou allaitante. Les donn\u00e9es viennent de trois sources\u00a0:<\/p>\n<p>la <b>FDA<\/b>,<\/p>\n<p>la base de donn\u00e9es allemande <a href=\"http:\/\/www.embryotox.de\/\" target=\"_blank\" name=\"\">www.embryotox.de<\/a>,<\/p>\n<p>et la base de donn\u00e9es britannique\u00a0<a href=\"http:\/\/www.safefetus.com\/\" target=\"_blank\" name=\"\">www.safefetus.com<\/a>.<\/p>\n<p>Les informations fournies par l&#8217;industrie \u00ab\u00a0sont principalement bas\u00e9es sur le fait que les m\u00e9dicaments n&#8217;ont pas \u00e9t\u00e9 suffisamment test\u00e9s durant la grossesse et l&#8217;allaitement\u00a0\u00bb, notent les recommandations. \u00ab\u00a0De ce fait, et pour des raisons l\u00e9gales, les m\u00e9dicaments sont fr\u00e9quemment consid\u00e9r\u00e9s comme interdits durant la grossesse et l&#8217;allaitement.\u00a0\u00bb<\/p>\n<p>&nbsp;<\/p>\n<p>Les m\u00e9dicaments t\u00e9ratog\u00e8nes sont accessibles sur le site fran\u00e7ais: <a href=\"http:\/\/www.lecrat.fr\/medicament.php\" target=\"_blank\" name=\"\">www.lecrat.fr<\/a><\/p>\n<p>&nbsp;<\/p>\n","protected":false},"excerpt":{"rendered":"<p>Les\u00a0recommandations portent sur les m\u00e9dicaments utilisables chez la femme enceinte ou allaitante. Les donn\u00e9es viennent de trois sources\u00a0: la FDA, la base de donn\u00e9es allemande www.embryotox.de, et la base de donn\u00e9es britannique\u00a0www.safefetus.com. Les informations fournies par l&#8217;industrie \u00ab\u00a0sont principalement bas\u00e9es sur le fait que les m\u00e9dicaments n&#8217;ont pas \u00e9t\u00e9 suffisamment test\u00e9s durant la grossesse et &hellip; <\/p>\n<p class=\"link-more\"><a href=\"https:\/\/lethor.lu\/index.php\/une-section-de-page-daccueil\/medicaments-et-grossesse\/\" class=\"more-link\">Continue reading<span class=\"screen-reader-text\"> &#8220;M\u00e9dicaments et grossesse&#8221;<\/span><\/a><\/p>\n","protected":false},"author":1,"featured_media":0,"parent":11,"menu_order":0,"comment_status":"closed","ping_status":"closed","template":"","meta":{"footnotes":""},"class_list":["post-35","page","type-page","status-publish","hentry"],"_links":{"self":[{"href":"https:\/\/lethor.lu\/index.php\/wp-json\/wp\/v2\/pages\/35","targetHints":{"allow":["GET"]}}],"collection":[{"href":"https:\/\/lethor.lu\/index.php\/wp-json\/wp\/v2\/pages"}],"about":[{"href":"https:\/\/lethor.lu\/index.php\/wp-json\/wp\/v2\/types\/page"}],"author":[{"embeddable":true,"href":"https:\/\/lethor.lu\/index.php\/wp-json\/wp\/v2\/users\/1"}],"replies":[{"embeddable":true,"href":"https:\/\/lethor.lu\/index.php\/wp-json\/wp\/v2\/comments?post=35"}],"version-history":[{"count":3,"href":"https:\/\/lethor.lu\/index.php\/wp-json\/wp\/v2\/pages\/35\/revisions"}],"predecessor-version":[{"id":64,"href":"https:\/\/lethor.lu\/index.php\/wp-json\/wp\/v2\/pages\/35\/revisions\/64"}],"up":[{"embeddable":true,"href":"https:\/\/lethor.lu\/index.php\/wp-json\/wp\/v2\/pages\/11"}],"wp:attachment":[{"href":"https:\/\/lethor.lu\/index.php\/wp-json\/wp\/v2\/media?parent=35"}],"curies":[{"name":"wp","href":"https:\/\/api.w.org\/{rel}","templated":true}]}}